*i**3/6 - 32*i**2 + 52*i + 14. Give z(2).
-2
Let u(i) be the first derivative of -i**3/3 - 2*i**2 + 8*i + 3. Suppose -7*b + 16*b - 18 = 0. Suppose -b*c + c - 22 = 3*v, -4*c + 8 = -4*v. Calculate u(v).
-4
Let h = 10 - 6. Let v(n) = 7 + 4*n - 20 + 2*n - 5*n. Let u(t) = -1. Let d(j) = h*u(j) - v(j). What is d(0)?
9
Let d(l) = 3*l - 1. Let r be d(2). Suppose r = -a + 8. Let s(x) = 2*x - 1 + a*x - 10*x + 6*x. Determine s(2).
1
Let g(j) be the second derivative of 19*j**5/10 - j**4/6 - j**3/3 - j**2/2 + 88*j - 1. Determine g(-1).
-39
Let d(x) = x**2 - 9*x - 20. Let k be d(11). Let l(g) = 6*g - 2*g - g - 2. What is l(k)?
4
Suppose -33 = y + 25. Let r = y + 11. Let j = -48 - r. Let o(d) = -21*d - 1. Calculate o(j).
20
Let g = -41 - -40. Let j be (-10)/2 + 4 - g/1. Suppose j = -2*b - b - b. Let m(k) = -k - 2. What is m(b)?
-2
Suppose -20 - 39 = 5*i + 1. Let t(p) = 7*p + 59. Calculate t(i).
-25
Let v be (-5 - -7)*(19 - 6 - 14). Let d(i) = -15*i - 18. Give d(v).
12
Let k(g) be the third derivative of -1/60*g**5 - 1/8*g**4 + 1/6*g**3 + 49*g**2 + 0 + 0*g. Determine k(2).
-9
Let o(s) = s**3 - 2*s**2 - s. Let q be o(3). Suppose -q + 3 = -g. Suppose 6*n - g*n = 12. Let x(u) = -2*u**2 + 6*u - 6. Determine x(n).
-14
Let x(n) = 7*n - 6. Let w(s) = -s. Let u = -222 + 76. Let k = -152 - u. Let a(y) = k*w(y) - x(y). Calculate a(5).
1
Let p(a) = -37*a + 20. Let s(i) = 17*i - 9. Let l(y) = -4*p(y) - 9*s(y). Suppose 2*c + 5*r - 40 + 16 = 0, 10 = c + 2*r. Determine l(c).
-9
Let b(k) = -92*k - 1014. Let c be b(-11). Let p(y) = -13*y**2 - 5*y - 2. What is p(c)?
-44
Let g(j) = -j**3 - 12*j**2 - 35*j - 1. Let z be -2*((-175)/(-42) + 10/(-15)). What is g(z)?
-1
Let h(n) = 2*n**2 - 36*n + 38. Let f(i) = -i**2 - 38*i + 1772. Let w be f(-65). Determine h(w).
4
Let c(g) = 2*g**2 + 2*g + 1. Let a(r) = -r + 9. Let d be a(8). Let k be ((-12)/4 - -2)*d*1. Calculate c(k).
1
Let r(a) = -3*a**3 - 27*a**2 + 3. Let t(s) = -s**3 - 5*s**2. Let g(p) = r(p) - 5*t(p). Calculate g(-2).
-21
Let j(l) = -140*l - 570. Let q be j(-4). Let r(a) = -a**3 - 9*a**2 + 12*a + 21. Calculate r(q).
1
Let s be (2/18)/(10/(-8)*416/(-780)). Let n(y) be the second derivative of 0 - y**2 + 7*y + s*y**3. Determine n(-6).
-8
Let u(p) be the third derivative of -1/8*p**4 + 0*p + 94*p**2 - 1/6*p**3 + 0. Determine u(-3).
8
Let x(i) be the second derivative of -i**8/6720 + i**7/1260 - i**6/720 + 121*i**4/6 - 130*i. Let w(o) be the third derivative of x(o). Calculate w(-3).
48
Let m(a) = 7*a - 16. Suppose 11 = 5*h + 3*n, 2*h + 11*n - 11 = 12*n. Give m(h).
12
Let q be (-4)/7 - (-2944)/448. Let c(d) = -d**3 + 7*d**2 - 10*d + 6. Give c(q).
-18
Suppose -19*r + 26 = -50. Suppose -5*d = -a + 24, -4*a - 3*d + r = -0*d. Let c(t) = -2*t - 1. What is c(a)?
-9
Let g(y) = 281*y + 5065. Let q be g(-18). Let p(m) = 4*m - 8. What is p(q)?
20
Let i(x) be the third derivative of x**5/60 + x**4 + 37*x**3/6 + 80*x**2 - 2*x + 17. Give i(-22).
-7
Let t(k) = -79*k - k**3 + 80*k - 29 - 26 + 56 + k**2. Let j be (2 - (-2 - -2)) + -7. Let f(n) = n**3 + 6*n**2 + 6*n + 5. Let h be f(j). Give t(h).
1
Let v be (-8)/156*(-12)/4 - (-2862)/(-351). Let j(d) = -d**2 - 16*d - 20. Calculate j(v).
44
Let a(u) = u**3 + 6*u**2 - 89*u - 492. Let r be a(-10). Let d(v) = 32*v**2 + 4*v + 4. Determine d(r).
124
Let q(h) = -h**2 + 29*h - 7. Suppose -21 = -y - a, 43*y - 27*y + 4*a = 420. Calculate q(y).
21
Suppose 31*v - 27*v - 290 = 33*v. Let y(d) = -5*d - 67. Determine y(v).
-17
Let o(t) = -13*t + 11. Let u(p) = 2*p. Let i be (-2)/(6/75*-5). Let m(j) = i*u(j) + o(j). Determine m(8).
-13
Let g(d) = 2*d**2 + 4*d. Let f(x) = x**3 + x**2 - 16*x + 1. Let a(b) = -f(b) - 3*g(b). Determine a(-7).
-29
Let d(b) = -b**3 + 15*b**2 - 56*b + 42. Let y(n) = -n**3 + 15*n**2 - 56*n + 38. Let m(r) = 4*d(r) - 5*y(r). Calculate m(9).
-4
Suppose -2*m + m = 0. Let b(w) = -4*w**3 - 9 + 2*w**3 - 2*w + m*w**3 + 3*w**3 + 6*w**2. Let u = -56 - -50. What is b(u)?
3
Let f(r) = -2*r - 3. Let u be 22 + (0/2)/1. Let h be 4563/(-1755)*(-5 - 0). Suppose -2*d - h = 2*k - 3, 0 = 4*k + 2*d + u. What is f(k)?
9
Suppose 1 + 2 = h. Let t(u) = -33*u. Let q(n) = 25*n - 1. Let c(o) = 4*q(o) + 3*t(o). Determine c(h).
-1
Let p(z) = z**3 - 27*z**2 + 24*z + 55. Let j = 99 + -73. Let h be p(j). Let x(b) = b**3 - 6*b**2 + 5*b - 3. What is x(h)?
-15
Let i(f) = f**3 - 48*f**2 - 40*f - 430. Let v be i(49). Let j(c) = -17*c + 178. Calculate j(v).
-9
Let a(b) = -b**2 - 8*b + 6. Let k(r) = -10*r + 37. Let j be k(-9). Suppose 0 = 21*c + 20 + j. Calculate a(c).
13
Let k(j) = -j**2 - 8*j - 12. Let i be k(-5). Let c(z) = -9*z**3 + 4*z**2 + 5 - 7*z**3 + 2*z + 17*z**i. Let w = 81 - 85. Determine c(w).
-3
Suppose -10 = -2*p, 21 = -0*f + 2*f + 3*p. Let h(z) = z**2 + 5*z - 10. What is h(f)?
14
Let g(n) = 6*n**2 - 2*n + 1. Let m(w) = -w**3 + 13*w**2 + 14*w + 1. Let a = -352 + 366. Let y be m(a). Calculate g(y).
5
Let g(u) = -u**3 - 5*u**2 + 2*u + 2. Suppose j - 26 = -2. Let l be (90/j)/((-6)/(-32)). Let z be 4/(-10) - 72/l. What is g(z)?
-22
Let k(o) = -2*o**2 - 87*o - 45. Suppose 4*n = -5*w - 195, -3*w + 130*n = 132*n + 119. Give k(w).
-2
Let d(i) = -5*i - 36. Let h be d(-7). Let s(c) = 2*c**2 - c - 1. Let y be s(-1). Let f(b) = 0 - 2*b + 3*b**3 - 3 + y - 8*b**3. Give f(h).
6
Let x(b) = -b**3 - 7*b**2 - 12*b - 5. Suppose 7334 = -8*o + 598. Let l = -847 - o. Calculate x(l).
5
Let x(m) = 73 + 50 + 45 + 25*m + 9 - 4. Determine x(-7).
-2
Suppose f + 9 - 53 = -4*u, u - 11 = -2*f. Let n(o) = o**3 - 11*o**2 - 4*o + 21. What is n(u)?
-23
Let o(u) = 3*u**2 + 4*u + 1. Let q(w) = -w**2 - w. Let j(s) = o(s) + 4*q(s). Suppose 18 = -225*c + 234*c. Suppose -4*k = -12, 11*t - c*k = 16*t - 6. Give j(t).
1
Let q be (63 + -85)*(-2)/11. Let i(o) = -o**2 - 4*o + 6. Let s(t) = -t**2. Suppose -3*h = -5*h + 4. Let d(l) = h*s(l) - i(l). What is d(q)?
-6
Let b(s) = 2*s + 5. Let h(g) = g + 3. Let x(t) = 4*b(t) - 7*h(t). Let q(r) = -6*r**2 - 97*r + 318. Let c be q(-19). Calculate x(c).
-6
Let u(b) = -2*b**3 + b**2 - 2*b + 14. Let n(m) = 3*m**3 - 3*m**2 + 2*m - 9. Let a(k) = -3*n(k) - 4*u(k). Calculate a(4).
-5
Let a(w) = -w + 10. Suppose -114*p + 115*p - 410 = 0. Let v = 419 - p. Calculate a(v).
1
Let j(s) = 25*s**3 - s**2. Suppose 26*y - 12 = 4*g + 25*y, 4*y - 35 = 3*g. Give j(g).
-26
Suppose -2*k = k + 27. Let v(d) = 10*d**2 - d + 11. Let g be v(0). Let b(p) = -4*p + 26*p**3 + 7*p**2 - 5*p + 9*p**2 - 25*p**3 - 8*p**2 + g. Give b(k).
11
Let n(z) = 9*z**3 - z**2 + 1. Let u = 36 - 21. Suppose 3*x + 0 - u = 0. Suppose -3*s + 13 = 4*j, -x*j + j = 4*s - 12. What is n(s)?
-9
Let y(a) = -a**3 + 4*a**2 + 4. Let w(p) = -p - 1. Let z(s) = -s**3 + 10*s**2 + 16*s - 22. Let x(t) = -3*w(t) - z(t). Let j be x(11). What is y(j)?
13
Let f(t) be the first derivative of 10*t**2 + 23*t - 999. Calculate f(-2).
-17
Let i = 1637 - 1643. Let o(c) = -27*c - 139. What is o(i)?
23
Let c be (-6 - -1)*(2 + -3). Let k(g) be the first derivative of -3/2*g**2 + 7*g + 5/3*g**3 - 1/4*g**4 + 131. Give k(c).
-8
Let w(f) = f**2 - 5*f + 11. Let u(r) = r - 2. Let c(o) = -33*u(o) - 6*w(o). Calculate c(-4).
-84
Let x be 137 + (-6 + 7 - 8). Suppose 9*q + 31 = x. Let p(v) = v**3 - 11*v**2 - v + 8. What is p(q)?
-3
Let w(p) = 0 + 4434*p - 4439*p + 1. Let a(s) = -s**2 - 15*s - 20. Let l be a(-15). Let d be 1/((-3)/l - (-2)/(-5)). Determine w(d).
21
Suppose -1086*s + 1098*s = 60. Let a(r) = 16*r - 108. What is a(s)?
-28
Suppose 4*g + 19 = -1, -2*g = 4*d - 2. Let a(n) = -1 + n**d - 5 + 15 - 1 + 3*n**2 - 4. Give a(-3).
4
Let j(u) be the first derivative of -2*u**2 - 10*u - 340. Determine j(-7).
18
Let m(h) = h + 1. Let o(t) = -5*t + 3. Let c(j) = -2*m(j) + o(j). Suppose -9*g - 55 = 54*g - 8*g. Calculate c(g).
8
Let x(v) = -2*v**3 - 15*v**2 - 2*v + 40. Let j(y) = y**3 - 68*y**2 + 258*y - 135. Let z be j(64). What is x(z)?
5
Suppose -333*b + 13 = -a - 335*b, 5*b = 2*a - 19. Let x(m) = 66*m + 204. Determine x(a).
6
Let p(f) = 101*f + 39. Let b(o) = -152*o - 62. Let v(y) = -5*b(y) - 8*p(y). Determine v(1).
-50
Suppose -2*h - h = -24. Let l(s) = 82*s**2 + 343*s + 117. Let k(n) = 31*n**2 + 130*n + 44. Let t(a) = 37*k(a) - 14*l(a). Determine t(h).
-10
Suppose -108 = 2*a + 4*l, 40 + 64 = -2*a - 3*l. Let t = 52 + a. Let w(y) = 6*y + t - 3 - y**2 - y - y. What is w(4)?
3
Let t(x) = 54*x - 2002. Let k be 